{"id":4508,"date":"2025-12-09T01:01:40","date_gmt":"2025-12-09T01:01:40","guid":{"rendered":"https:\/\/cautivomx.com\/?post_type=product&#038;p=4508"},"modified":"2025-12-12T03:10:15","modified_gmt":"2025-12-12T03:10:15","slug":"huipil-corazon-laton","status":"publish","type":"product","link":"https:\/\/cautivomx.com\/index.php\/product\/huipil-corazon-laton\/","title":{"rendered":"Huipil Coraz\u00f3n de lat\u00f3n"},"content":{"rendered":"<p>*Huipil Coraz\u00f3n de Lat\u00f3n<\/p>\n<p>*Medida 55 cms x 59 cms<\/p>\n<p>*Unitalla<\/p>\n<p>*Material Razo y forro de algod\u00f3n<\/p>\n<p>*Impreso en sublimaci\u00f3n de alta calidad<\/p>\n<p>*Huipil en cadenilla<br \/>\n<\/p>\n<p>*Producto 100% Mexicano.<\/p>\n","protected":false},"excerpt":{"rendered":"<p>*Huipil Coraz\u00f3n de Lat\u00f3n<\/p>\n<p>*Medida 55 cms x 59 cms<br \/>\n*Unitalla<br \/>\n*Material Razo y forro de algod\u00f3n<br \/>\n*Impreso en sublimaci\u00f3n de alta calidad<br \/>\n*Huipil en cadenilla<\/p>\n<p>*Producto 100% Mexicano.<\/p>\n","protected":false},"featured_media":4509,"template":"","meta":{"_acf_changed":false},"product_brand":[],"product_cat":[138,118,120],"product_tag":[],"class_list":{"0":"post-4508","1":"product","2":"type-product","3":"status-publish","4":"has-post-thumbnail","6":"product_cat-huipil","7":"product_cat-popular","8":"product_cat-ropa","10":"first","11":"instock","12":"shipping-taxable","13":"purchasable","14":"product-type-simple"},"acf":[],"_links":{"self":[{"href":"https:\/\/cautivomx.com\/index.php\/wp-json\/wp\/v2\/product\/4508","targetHints":{"allow":["GET"]}}],"collection":[{"href":"https:\/\/cautivomx.com\/index.php\/wp-json\/wp\/v2\/product"}],"about":[{"href":"https:\/\/cautivomx.com\/index.php\/wp-json\/wp\/v2\/types\/product"}],"version-history":[{"count":0,"href":"https:\/\/cautivomx.com\/index.php\/wp-json\/wp\/v2\/product\/4508\/revisions"}],"wp:featuredmedia":[{"embeddable":true,"href":"https:\/\/cautivomx.com\/index.php\/wp-json\/wp\/v2\/media\/4509"}],"wp:attachment":[{"href":"https:\/\/cautivomx.com\/index.php\/wp-json\/wp\/v2\/media?parent=4508"}],"wp:term":[{"taxonomy":"product_brand","embeddable":true,"href":"https:\/\/cautivomx.com\/index.php\/wp-json\/wp\/v2\/product_brand?post=4508"},{"taxonomy":"product_cat","embeddable":true,"href":"https:\/\/cautivomx.com\/index.php\/wp-json\/wp\/v2\/product_cat?post=4508"},{"taxonomy":"product_tag","embeddable":true,"href":"https:\/\/cautivomx.com\/index.php\/wp-json\/wp\/v2\/product_tag?post=4508"}],"curies":[{"name":"wp","href":"https:\/\/api.w.org\/{rel}","templated":true}]}}