{"id":4478,"date":"2025-12-05T22:41:59","date_gmt":"2025-12-05T22:41:59","guid":{"rendered":"https:\/\/cautivomx.com\/?post_type=product&#038;p=4478"},"modified":"2025-12-19T01:53:09","modified_gmt":"2025-12-19T01:53:09","slug":"ecobolsa-retablo-secreto","status":"publish","type":"product","link":"https:\/\/cautivomx.com\/index.php\/product\/ecobolsa-retablo-secreto\/","title":{"rendered":"Ecobolsa Retablo"},"content":{"rendered":"<p>Dise\u00f1o: Retablo<\/p>\n<p>Hermosa y \u00fatil bolsa ecol\u00f3gica ligera para hacer tus compras m\u00e1s eficientes sin contaminar, aguantadora y lavable.<\/p>\n<p>Material: Tafet\u00e1n impreso en sublimaci\u00f3n con tintas ecol\u00f3gicas.<\/p>\n<p>Medida: 35 x 45 cms. Forro interior de algod\u00f3n. Lavable a mano o lavadora.<\/p>\n<p>Producto Hecho 100% en M\u00e9xico<\/p>\n","protected":false},"excerpt":{"rendered":"<p>Dise\u00f1o: Retablo<\/p>\n<p>Hermosa y \u00fatil bolsa ecol\u00f3gica ligera para hacer tus compras m\u00e1s eficientes sin contaminar, aguantadora y lavable.<\/p>\n<p>Material: Tafet\u00e1n impreso en sublimaci\u00f3n con tintas ecol\u00f3gicas.<\/p>\n<p>Medida: 35 x 45 cms. Forro interior de algod\u00f3n. Lavable a mano o lavadora.<\/p>\n<p>Producto Hecho 100% en M\u00e9xico<\/p>\n","protected":false},"featured_media":4479,"template":"","meta":{"_acf_changed":false},"product_brand":[],"product_cat":[131,118],"product_tag":[],"class_list":{"0":"post-4478","1":"product","2":"type-product","3":"status-publish","4":"has-post-thumbnail","6":"product_cat-bolsa-ecologica","7":"product_cat-popular","9":"first","10":"instock","11":"shipping-taxable","12":"purchasable","13":"product-type-simple"},"acf":[],"_links":{"self":[{"href":"https:\/\/cautivomx.com\/index.php\/wp-json\/wp\/v2\/product\/4478","targetHints":{"allow":["GET"]}}],"collection":[{"href":"https:\/\/cautivomx.com\/index.php\/wp-json\/wp\/v2\/product"}],"about":[{"href":"https:\/\/cautivomx.com\/index.php\/wp-json\/wp\/v2\/types\/product"}],"version-history":[{"count":0,"href":"https:\/\/cautivomx.com\/index.php\/wp-json\/wp\/v2\/product\/4478\/revisions"}],"wp:featuredmedia":[{"embeddable":true,"href":"https:\/\/cautivomx.com\/index.php\/wp-json\/wp\/v2\/media\/4479"}],"wp:attachment":[{"href":"https:\/\/cautivomx.com\/index.php\/wp-json\/wp\/v2\/media?parent=4478"}],"wp:term":[{"taxonomy":"product_brand","embeddable":true,"href":"https:\/\/cautivomx.com\/index.php\/wp-json\/wp\/v2\/product_brand?post=4478"},{"taxonomy":"product_cat","embeddable":true,"href":"https:\/\/cautivomx.com\/index.php\/wp-json\/wp\/v2\/product_cat?post=4478"},{"taxonomy":"product_tag","embeddable":true,"href":"https:\/\/cautivomx.com\/index.php\/wp-json\/wp\/v2\/product_tag?post=4478"}],"curies":[{"name":"wp","href":"https:\/\/api.w.org\/{rel}","templated":true}]}}