{"id":1275,"date":"2021-05-14T13:09:37","date_gmt":"2021-05-14T18:09:37","guid":{"rendered":"https:\/\/cautivomx.com\/?page_id=1275"},"modified":"2021-05-14T13:09:37","modified_gmt":"2021-05-14T18:09:37","slug":"politicasdeprivacidad","status":"publish","type":"page","link":"https:\/\/cautivomx.com\/index.php\/politicasdeprivacidad\/","title":{"rendered":"Pol\u00edticas de privacidad"},"content":{"rendered":"<p>[vc_row][vc_column width=&#8221;1\/2&#8243;][vc_column_text]<\/p>\n<div style=\"color: #353535;\">\n<h2>Pol\u00edticas de privacidad<\/h2>\n<p>Para www.cautivomx.com (Adelante referidas como \u201cCAUTIVO\u201d)\u00a0el tratamiento leg\u00edtimo, controlado e informado de sus datos personales es de vital importancia y por lo tanto es necesario reiterar nuestro compromiso con su privacidad y el derecho a la autodeterminaci\u00f3n informativa.<\/p>\n<p>El presente Aviso de Privacidad tiene como objeto informarle sobre el tratamiento que se le dar\u00e1 a sus datos personales cuando los mismos son recabados, utilizados, almacenados y\/o transferidos por CAUTIVO.<\/p>\n<p><strong>Departamento de protecci\u00f3n de datos<br \/>\n<\/strong><br \/>\nUsted podr\u00e1 dirigir cualquier pregunta o comentario respecto del presente Aviso de Privacidad o ejercitar los derechos que por la Ley Federal de Protecci\u00f3n de Datos Personales en Posesi\u00f3n de los Particulares le correspondan, ante el Comit\u00e9 de Protecci\u00f3n de Datos de CAUTIVO al correo electr\u00f3nico info@cautivomx.com<\/p>\n<ol>\n<li><strong>Datos personales que se recaban.<\/strong><\/li>\n<\/ol>\n<p>CAUTIVO podr\u00e1 recabar y tratar los siguientes datos personales, dependiendo de la relaci\u00f3n que con usted exista:<\/p>\n<ul>\n<li><em>Nombre completo<br \/>\n<\/em>\u2022<em>Edad<br \/>\n<\/em>\u2022<em>\u00a0Fecha de nacimiento<\/em><br \/>\n\u2022<em>\u00a0Datos de tarjeta de cr\u00e9dito<br \/>\n<\/em>\u2022<em>\u00a0G\u00e9nero<br \/>\n<\/em>\u2022<em>\u00a0Tel\u00e9fono<br \/>\n<\/em>\u2022<em>\u00a0Tel\u00e9fono celular<br \/>\n<\/em>\u2022<em>\u00a0C\u00f3digo postal<br \/>\n<\/em>\u2022<em>\u00a0Correo electr\u00f3nico<\/em>\u2022<em>\u00a0Informaci\u00f3n de perfil del sitio de internet \u201cFacebook\u201d<br \/>\n<\/em><br \/>\n\u2022<em>\u00a0Informaci\u00f3n que los Clientes Nos Proporcionan<\/em>:<br \/>\nCuando un cliente se pone en contacto con CAUTIVO v\u00eda telef\u00f3nica, por correo electr\u00f3nico, o por otro medio, cuando completa un cuestionario o un formulario de participaci\u00f3n para un sorteo; realiza compras, o cuando proporciona alguna opini\u00f3n respecto de nuestra p\u00e1gina Web y\/o productos y\/o servicios, CAUTIVO recibe y almacena la informaci\u00f3n que los clientes introducen en nuestra p\u00e1gina Web o que nos facilitan por cualquier otro medio. Los clientes pueden elegir no proporcionar cierta informaci\u00f3n, sin embargo, si as\u00ed lo hacen, no podr\u00e1n disfrutar de muchas de las funciones que ofrece nuestra p\u00e1gina Web.<\/li>\n<li><em>Informaci\u00f3n Autom\u00e1tica.<br \/>\n<\/em>Algunos ejemplos de la informaci\u00f3n que CAUTIVO recaba y analiza incluye la direcci\u00f3n IP de Internet que utilizan los clientes para conectarse a Internet con su computadora, nombre de usuario, direcci\u00f3n de correo electr\u00f3nico y contrase\u00f1a de su cuenta, informaci\u00f3n sobre su computadora y su conexi\u00f3n a Internet y sobre la versi\u00f3n y tipo de navegador; configuraci\u00f3n de zona horaria, tipos y versiones de la conexi\u00f3n del navegador de los clientes, el sistema operativo y plataforma que utiliza, historial de compras, de los cuales en ocasiones se podr\u00e1 reunir informaci\u00f3n de varios clientes para crear aplicaciones como \u201cLo M\u00e1s Vendido\u201d (o cualquier otra que tenga por objeto mostrar los productos con mayores ventas), el Localizador Uniforme de Recursos (URL) de historial de p\u00e1ginas Web desde, a trav\u00e9s y hacia nuestra p\u00e1gina Web (incluyendo fecha y hora), n\u00famero de cookie, productos que ha visitado o que ha buscado, y todo n\u00famero de tel\u00e9fono que hayan utilizado los clientes para llamar a nuestro servicio de atenci\u00f3n al cliente. Tambi\u00e9n, CAUTIVO podr\u00e1 utilizar datos del navegador tales como cookies, Flash Cookies (tambi\u00e9n llamadas Objetos Locales Compartidos Flash), o datos similares en ciertos lugares de la p\u00e1gina Web de CAUTIVO para prevenir el fraude, entre otros prop\u00f3sitos. En las visitas de los clientes a la p\u00e1gina Web, CAUTIVO podr\u00e1 utilizar herramientas de software como JavaScript para medir y recoger la informaci\u00f3n de la sesi\u00f3n, incluyendo los tiempos de respuesta de la p\u00e1gina, errores de descarga, duraci\u00f3n de las visitas a ciertas p\u00e1ginas, informaci\u00f3n sobre la interacci\u00f3n con la p\u00e1gina (clics de rat\u00f3n, desplazamiento por la p\u00e1gina o n\u00famero de veces que pasa el rat\u00f3n por encima de determinados \u00edtems), y formas de salir de la p\u00e1gina Web. Asimismo, CAUTIVO podr\u00e1 tambi\u00e9n recabar informaci\u00f3n t\u00e9cnica que ayude a identificar los dispositivos de clientes con finalidades de an\u00e1lisis diagn\u00f3stico y prevenci\u00f3n del fraude.<\/li>\n<\/ul>\n<p>Podr\u00e1n tratarse otros datos personales, sensibles y no sensibles, que no se incluya en la lista anterior siempre y cuando dichos datos se consideren de la misma naturaleza y no sean excesivos respecto a las finalidades para las cuales se recaban.<\/p>\n<p>Las cookies son identificadores \u00fanicos que nuestro sitio Web transfiere a su dispositivo para permitir a nuestros sistemas reconocer su dispositivo y proporcionar caracter\u00edsticas tales como Compras, y el almacenamiento, en sus visitas, de art\u00edculos en su carrito de compras.<\/p>\n<\/div>\n<p>[\/vc_column_text][\/vc_column][vc_column width=&#8221;1\/2&#8243;][vc_column_text]<\/p>\n<div style=\"color: #353535;\">\n<p>&nbsp;<\/p>\n<p>&nbsp;<\/p>\n<ol>\n<li><strong>Finalidades del tratamiento de los datos personales<br \/>\n<\/strong><br \/>\nCAUTIVO recaba, utiliza, o almacena sus datos personales, en la medida en que las leyes aplicables lo permiten, para llevar a cabo lo siguiente:<\/li>\n<\/ol>\n<ul>\n<li>Seguimiento a las ventas a fin de alcanzar la satisfacci\u00f3n del cliente<br \/>\nInterrelaci\u00f3n de bases de datos para conocer el perfil y las necesidades del cliente<\/li>\n<li>Para adaptar nuestras comunicaciones, como por ejemplo mediante el env\u00edo de mensajes de correo electr\u00f3nico con ofertas y promociones que son m\u00e1s relevantes para los clientes.<\/li>\n<li>Para procesar pedidos, entregar productos y servicios, procesar pagos, mantener y actualizar nuestros archivos y sus cuentas con nosotros, hacer disponible contenido tales como listas de deseos y comentarios de los clientes.<\/li>\n<\/ul>\n<p>La informaci\u00f3n que usted nos proporciona nos es \u00fatil para responder a peticiones de clientes, personalizar futuras compras que vayan a realizar, mejorar nuestro sitio de internet, tiendas y ponernos en contacto con los clientes.<\/p>\n<p>CAUTIVO podr\u00e1 hacer uso de sus datos personales para otras finalidades, siempre y cuando dichas finalidades sean compatibles y puedan considerarse an\u00e1logas a las anteriores.\u00a0Sus datos personales ser\u00e1n tratados \u00fanicamente por el tiempo necesario a fin de cumplir con las finalidades descritas y\/o de conformidad con lo que establezcan las disposiciones legales aplicables.<\/p>\n<ul>\n<li><strong>Seguridad de los datos personales<br \/>\n<\/strong><br \/>\nCAUTIVO implementar\u00e1 las medidas de seguridad, t\u00e9cnicas, administrativas y f\u00edsicas, necesarias para proteger sus datos personales y evitar su da\u00f1o, p\u00e9rdida, alteraci\u00f3n, destrucci\u00f3n o el uso, acceso o tratamiento no autorizado. \u00danicamente el personal autorizado, que ha cumplido y observado los correspondientes requisitos de confidencialidad, podr\u00e1 participar en el tratamiento de sus datos personales. El personal autorizado tiene prohibido permitir el acceso de personas no autorizadas y utilizar sus datos personales para fines distintos a los establecidos en el presente Aviso de Privacidad. La obligaci\u00f3n de confidencialidad de las personas que participan en el tratamiento de sus datos personales subsiste aun despu\u00e9s de terminada la relaci\u00f3n con CAUTIVO.<\/li>\n<\/ul>\n<p>Al realizar una compra en el sitio Web, CAUTIVO transmite el n\u00famero completo de la tarjeta de cr\u00e9dito a la entidad de tarjetas de cr\u00e9dito correspondiente para el procesamiento del pedido. Es responsabilidad del cliente que se proteja contra el acceso no autorizado de terceros a su contrase\u00f1a y a su computadora. Al finalizar la sesi\u00f3n, los clientes deber\u00e1n asegurarse de haber cerrado su sesi\u00f3n.<\/p>\n<ul>\n<li><strong>Comunicaci\u00f3n y transferencia de datos personales <\/strong>CAUTIVO no ceder\u00e1, vender\u00e1 o transferir\u00e1 sus datos personales, a terceros no relacionados con CAUTIVO, sin su consentimiento previo. CAUTIVO no participa en la venta de datos personales a terceros. CAUTIVO podr\u00e1 compartir la informaci\u00f3n de los clientes s\u00f3lo con <strong>CAUTIVO<\/strong>, Quien est\u00e1 sujeto al presente Aviso de Privacidad o sigue pr\u00e1cticas al menos tan protectoras como las descritas en el presente Aviso de Privacidad. Adicionalmente, CAUTIVO podr\u00e1 transferir sus datos personales en los casos previstos en la Ley Federal de Protecci\u00f3n de Datos Personales en Posesi\u00f3n de los Particulares.<strong> Derechos que le corresponden<br \/>\n<\/strong><br \/>\nUsted como titular de datos personales podr\u00e1 ejercitar ante el Departamento de Datos Personales de CAUTIVO los derechos de acceso, rectificaci\u00f3n, cancelaci\u00f3n y oposici\u00f3n respecto al tratamiento de sus datos personales. Asimismo, podr\u00e1 revocar, en todo momento, el consentimiento que haya otorgado y que fuere necesario para el tratamiento de sus datos personales, y limitar el uso o divulgaci\u00f3n de los mismos. A manera de referencia, a continuaci\u00f3n se describen los derechos de acceso, rectificaci\u00f3n, cancelaci\u00f3n y oposici\u00f3n:<\/li>\n<li>A trav\u00e9s de su derecho de\u00a0acceso usted podr\u00e1 solicitar se le informe qu\u00e9 tipo de datos personales est\u00e1n siendo tratados por CAUTIVO, el origen de dichos datos y las comunicaciones que se hayan realizado con los mismos.<\/li>\n<li>Por virtud del derecho de\u00a0rectificaci\u00f3n usted puede solicitar se corrija o complete los datos personales que sean incorrectos o est\u00e9n incompletos y que obren en manos de CAUTIVO. Usted tendr\u00e1 la obligaci\u00f3n de informar a CAUTIVO cuando deba hacerse un cambio o correcci\u00f3n en sus datos personales y este hecho solo sea de su conocimiento.<\/li>\n<li>Cuando sus datos personales hayan dejado de ser necesarios para los fines para los cuales se recabaron, usted podr\u00e1 solicitar que los mismos sean cancelados si es que a\u00fan se conservaran en las bases de datos de CAUTIVO. El proceso de cancelaci\u00f3n ir\u00e1 precedido de un periodo de bloqueo mediante el cual \u00fanicamente se almacenaran sus datos por un tiempo, equivalente al plazo de prescripci\u00f3n de las acciones que dieron origen al tratamiento de sus datos personales o el periodo que por ley se establezca. Existen casos en que los datos personales no pueden ser cancelados por disposici\u00f3n de ley.<\/li>\n<li>Podr\u00e1\u00a0oponerse al tratamiento de sus datos personales, cuando exista una causa leg\u00edtima para ello, incluso habiendo expresado anteriormente su consentimiento para dicho tratamiento.<\/li>\n<\/ul>\n<\/div>\n<p>[\/vc_column_text][\/vc_column][\/vc_row][vc_row][vc_column width=&#8221;1\/2&#8243;][vc_single_image image=&#8221;1288&#8243; img_size=&#8221;full&#8221; el_class=&#8221;la-popup&#8221;][\/vc_column][vc_column width=&#8221;1\/2&#8243;][vc_single_image image=&#8221;1289&#8243; img_size=&#8221;full&#8221; el_class=&#8221;la-popup&#8221;][\/vc_column][\/vc_row][vc_row][vc_column width=&#8221;1\/2&#8243;][vc_column_text]<\/p>\n<div style=\"color: #353535;\">\n<p>Usted podr\u00e1 ejercer los derechos antes mencionados enviando una solicitud al Departamento de Datos Personales de CAUTIVO ubicado en <strong>CAUTIVO<\/strong>, o al correo info@cautivomx.com\u00a0 Su solicitud deber\u00e1 contener al menos la siguiente informaci\u00f3n: (i) nombre completo y correo electr\u00f3nico o domicilio para comunicarle la respuesta a su solicitud; (ii) los documentos que acrediten su identidad o, en su caso, la representaci\u00f3n legal; (iii) una descripci\u00f3n clara de los datos personales respecto de los que busca ejercer alguno de los derechos antes mencionados; y (iv) cualquier otro elemento o documento que facilite la localizaci\u00f3n de los datos personales. Su petici\u00f3n ser\u00e1 atendida dentro del plazo permitido por la ley y le informaremos sobre la procedencia de la misma a trav\u00e9s del correo electr\u00f3nico o domicilio que nos haya proporcionado.<\/p>\n<\/div>\n<p>[\/vc_column_text][\/vc_column][vc_column width=&#8221;1\/2&#8243;][vc_column_text]<\/p>\n<div style=\"color: #353535;\">\n<p><strong>CAMBIOS AL AVISO DE PRIVACIDAD<br \/>\n<\/strong><br \/>\nCAUTIVO se reserva el derecho de enmendar o modificar el presente Aviso de Privacidad como estime conveniente, por ejemplo, para cumplir con cambios a la legislaci\u00f3n sobre protecci\u00f3n de datos o de salud o cumplir con disposiciones internas de CAUTIVO. CAUTIVO le informar\u00e1 y pondr\u00e1 a su disposici\u00f3n el Aviso de Privacidad actualizado cuando se le hagan cambios significativos al mismo, as\u00ed como cuando se requiera recabar su consentimiento. La versi\u00f3n actualizada del Aviso de Privacidad estar\u00e1 disponible en el sitio web\u00a0<strong>www.cautivomx.com<\/strong><\/p>\n<p><strong>Departamento de protecci\u00f3n de datos<br \/>\n<\/strong><br \/>\nUsted podr\u00e1 dirigir cualquier pregunta o comentario respecto del presente Aviso de Privacidad o ejercitar los derechos que por la Ley Federal de Protecci\u00f3n de Datos Personales en Posesi\u00f3n de los Particulares le correspondan, ante el Comit\u00e9 de Protecci\u00f3n de Datos de CAUTIVO ubicado en La Tota Carbajal #504 Col. La Martinica. C.P 37500 Le\u00f3n Gto. M\u00e9xico, o al correo electr\u00f3nico info@cautivomx.com<\/p>\n<\/div>\n<p>[\/vc_column_text][\/vc_column][\/vc_row]<\/p>\n","protected":false},"excerpt":{"rendered":"<p>[vc_row][vc_column width=&#8221;1\/2&#8243;][vc_column_text] Pol\u00edticas de privacidad Para www.cautivomx.com (Adelante referidas como \u201cCAUTIVO\u201d)\u00a0el tratamiento leg\u00edtimo, controlado e informado de sus datos personales&#8230;<\/p>\n","protected":false},"author":1,"featured_media":0,"parent":0,"menu_order":0,"comment_status":"closed","ping_status":"closed","template":"elementor_theme","meta":{"_acf_changed":false,"footnotes":""},"class_list":["post-1275","page","type-page","status-publish","hentry"],"acf":[],"_links":{"self":[{"href":"https:\/\/cautivomx.com\/index.php\/wp-json\/wp\/v2\/pages\/1275","targetHints":{"allow":["GET"]}}],"collection":[{"href":"https:\/\/cautivomx.com\/index.php\/wp-json\/wp\/v2\/pages"}],"about":[{"href":"https:\/\/cautivomx.com\/index.php\/wp-json\/wp\/v2\/types\/page"}],"author":[{"embeddable":true,"href":"https:\/\/cautivomx.com\/index.php\/wp-json\/wp\/v2\/users\/1"}],"replies":[{"embeddable":true,"href":"https:\/\/cautivomx.com\/index.php\/wp-json\/wp\/v2\/comments?post=1275"}],"version-history":[{"count":0,"href":"https:\/\/cautivomx.com\/index.php\/wp-json\/wp\/v2\/pages\/1275\/revisions"}],"wp:attachment":[{"href":"https:\/\/cautivomx.com\/index.php\/wp-json\/wp\/v2\/media?parent=1275"}],"curies":[{"name":"wp","href":"https:\/\/api.w.org\/{rel}","templated":true}]}}